0*l + 28. What is the remainder when 41 is divided by l?
13
Suppose -3*p = 2*h - 57, -h + 0*p - 3*p = -33. Let g = h - 11. Calculate the remainder when g is divided by 8.
5
Let p = -14 + 23. Suppose f = 2*q + p, 4*f - 4*q - 48 = q. What is the remainder when 50 is divided by f?
16
Suppose -4*k + 10 + 6 = 0. Suppose 4*y = y - 4*z - 146, 0 = k*y - 3*z + 178. Let q = -9 - y. What is the remainder when q is divided by 19?
18
Suppose -3*h = -66 + 6. Suppose -6*p - 3*r - 2074 = -p, 2*p - 2*r = -820. Calculate the remainder when (p/14)/(2/(-4)) is divided by h.
19
Let p(f) = f**3 - 2*f**2 - 2*f + 1. Let q = 10 - 7. What is the remainder when 14 is divided by p(q)?
2
What is the remainder when (6/4)/(2/120) is divided by 31?
28
Let v = -16 - -42. What is the remainder when 51 is divided by v?
25
Suppose 0 = -t + 4 + 1. Let x(q) = -q**3 - 3*q**2 - 1. Let y be x(-2). Calculate the remainder when t is divided by 3/(y + 2) + 3.
1
Let c(o) = -o**2 + 15*o - 8. What is the remainder when 195 is divided by c(12)?
27
Suppose -m = 2*u + 9, 0 = 4*u - 5*u - m - 5. Let p(j) = -j - 6. Let y be p(u). What is the remainder when (2*1)/(y/(-11)) is divided by 6?
5
Suppose 2*h - 3*h = 5, 0 = -5*x - 3*h + 10. Suppose -4*p + 80 = -0*p + 2*b, 4*b - 8 = 0. What is the remainder when p is divided by x?
4
Calculate the remainder when 66 is divided by (-117)/(-5) + 4/(-10).
20
Suppose 5*l = -4*u - 168, -2*l - 5*u = l + 93. Let d = 70 + l. What is the remainder when d is divided by 12?
10
Let p(c) = c**3 - 14*c**2 + 2*c + 12. Let d = -22 + 36. What is the remainder when p(14) is divided by d?
12
Let l(q) = 2*q**2 - 3*q - 7. Let c = -4 + 9. What is the remainder when l(c) is divided by 15?
13
What is the remainder when 63 is divided by 14 + 1/(5/(-15))?
8
Suppose -8*o = -3*o + z - 27, 19 = 3*o + 2*z. Let a(u) = -u**2 - 9*u - 3. Let i = 6 - 10. Calculate the remainder when a(i) is divided by o.
2
Let z(q) = 0*q**2 + 0 + q**2 + 2. What is the remainder when 7*2*9/6 is divided by z(-3)?
10
Let a be (16/(-20))/((-1)/5). Suppose 2*w = a*w - 14. What is the remainder when 26 is divided by w?
5
Suppose -h - 1 = 1. Let c = -4 - h. Let b = c + 5. What is the remainder when b is divided by 2?
1
Suppose 273 = 3*q - 0*q - n, -463 = -5*q - n. Calculate the remainder when (q/6)/(2/6) is divided by 24.
22
Let c = -228 - -161. Let b = 165 - c. Suppose -b = -4*t + 2*p, -43 = -t - 4*p + 24. Calculate the remainder when t is divided by 20.
19
Let u = 162 + -96. What is the remainder when u is divided by 18?
12
Suppose 4*q = -q - 5*i + 75, -3*i - 91 = -5*q. What is the remainder when q is divided by (10 + -19)*1/(-1)?
8
Suppose 2*q - 12 = -3*t, 2*q - 7 = -2*t + 1. Suppose -u = -q*u - 7. Let x = -17 - -30. Calculate the remainder when x is divided by u.
6
Suppose 2*d - 3*y = 54 + 4, 132 = 4*d - 2*y. Calculate the remainder when 136 is divided by d.
31
Let w(z) = -7*z - 11. What is the remainder when 17 is divided by w(-3)?
7
Let v(b) = -b - 1. Let g(z) = 4*z + 4. Let y(a) = -g(a) - 3*v(a). Suppose -5*j = 80 - 25. Calculate the remainder when y(j) is divided by 6.
4
Let b be (-2)/(-6) - 798/18. Let o = -17 - b. Calculate the remainder when o is divided by 15.
12
Suppose -k + 31 = 3*q, 4*k + 0*q - 92 = 4*q. Calculate the remainder when k is divided by 13.
12
Suppose 0 = 5*h - 1 - 4, y + 3*h - 15 = 0. Suppose 2*p + 3*p = 20. Suppose -p*z + 89 = -51. Calculate the remainder when z is divided by y.
11
Suppose -g + 17 = -5*x, -3*g - 3*x + 2*x + 51 = 0. Suppose -1 + 10 = -3*j, 39 = 2*o - 5*j. Suppose 0*a - 2*a = -o. What is the remainder when g is divided by a?
5
Suppose -3*x + 4 = u + 1, 3*u - 9 = -2*x. Suppose -2*q + 6*q = 12. Calculate the remainder when u + (-6 - -1) - -10 is divided by q.
2
Let d(c) = c**2 - 3*c - 3. Suppose -2*i = -0*i + 4. What is the remainder when (-1 - 1)*(-8 + i) is divided by d(5)?
6
Let l(q) = q - 3. Let s(k) = k**3 - 10*k**2 + 9*k + 3. Suppose -5*f = -0*f - 45. Calculate the remainder when l(8) is divided by s(f).
2
Let z(g) = 2*g**2 + 5*g + 3. Calculate the remainder when z(-5) is divided by 12.
4
Suppose -2*t = t - 15. Suppose 0 = t*g, -4*f + 4*g + 34 = -26. Calculate the remainder when 42 is divided by f.
12
Suppose 91 = 2*g - c + 2*c, -2*g - 2*c = -92. Calculate the remainder when g is divided by 16.
13
Let a = -28 + 140. What is the remainder when a is divided by 29?
25
Let r = -1 - -7. Let w be ((-44)/6)/(r/(-9)). Calculate the remainder when 20 is divided by (0 + w - 2) + 2.
9
Let t = 15 - 13. Calculate the remainder when 12 is divided by t.
0
Let y be (-1 - 1)/(0 - 2). What is the remainder when 29 is divided by (-26*y)/(-2) - 3?
9
Let x = 23 - 7. What is the remainder when 30 is divided by x?
14
Suppose 11 + 16 = -3*s. Let v = s + 20. Calculate the remainder when v is divided by 4.
3
Suppose -3*t + 2*f + 6 = -0*f, 0 = 5*t + 3*f - 10. Suppose 7 = -t*w + 21. What is the remainder when 41 is divided by w?
6
Suppose 3*o + 2*w - 29 = 0, -3*w = -o - 0*w + 6. What is the remainder when (-132)/(-9) + (-2)/(-6) is divided by o?
6
Let r(t) = -16*t. Suppose -2 + 0 = 2*o. What is the remainder when 44 is divided by r(o)?
12
Suppose 3*a = -5*x + 50 - 21, 4*a - x = 31. What is the remainder when a is divided by (-2)/6 + 96/18?
3
Let l = -5 + 0. Let r(a) = -3*a + 6. Let k be r(l). Suppose 4*c + k = 61. Calculate the remainder when c is divided by 6.
4
Suppose -3*g - o + 4 = -2, -4*o - 21 = -3*g. Let a be (7 + (1 - -1))/1. Suppose 3*y - 2 - 23 = -4*u, 0 = -3*y + a. What is the remainder when u is divided by g?
1
Suppose -98 = -7*r + 7. What is the remainder when 38 is divided by r?
8
Suppose 69 = 4*w + 17. Suppose -2*y + 155 = 5*v, v + 284 = 4*y - 15. Suppose -f = 2*f - y. What is the remainder when f is divided by w?
12
Let p(j) = 30*j**2 - 1. What is the remainder when 84 is divided by p(-1)?
26
Suppose -o + 5 = -6*o. Let y(i) = 3*i**2 + i. Let w be y(o). Suppose 3*s - 37 = 4*h, -2*s - 3*h + 0 = -w. What is the remainder when 12 is divided by s?
5
Suppose 3*u = 53 - 17. Suppose 0 = f + f - 6. Suppose -f*m = -0*m - 102. Calculate the remainder when m is divided by u.
10
Suppose 80 + 10 = 2*s. What is the remainder when 133 is divided by s?
43
Suppose q = n + 3, -q + 27 = n + 4*n. Let o be (-111)/(-21) + (-2)/q. Suppose i - h + 1 = 13, -h = o*i - 30. Calculate the remainder when 20 is divided by i.
6
Let x(k) = 31*k - 13. Let w(i) = -5*i + 2. Let g(a) = -39*w(a) - 6*x(a). Calculate the remainder when g(3) is divided by 7.
6
Suppose 6*h - 87 = -3*u + 7*h, 2*u + 5*h = 75. Let d = -18 - -29. What is the remainder when u is divided by d?
8
Let k(u) = -18*u + 7. Calculate the remainder when 47 is divided by k(-1).
22
Let o(v) be the third derivative of -v**6/120 + 2*v**5/15 - 3*v**4/8 - 3*v**2. Calculate the remainder when 53 is divided by o(6).
17
Suppose -3*w = 5*h - 1 - 9, -5*h + 40 = -3*w. Calculate the remainder when h is divided by 2.
1
Let f(y) = -4*y**3 + 3*y**2 + 3*y + 4. Let m(k) = -7*k**3 + 6*k**2 + 5*k + 8. Let l(o) = 5*f(o) - 3*m(o). Calculate the remainder when 33 is divided by l(4).
9
Let v(o) = o**2 + 5*o + 2. Suppose 7*y = 4*y + 6. What is the remainder when v(-6) is divided by y?
0
Let m(n) be the first derivative of 8*n**3/3 + 3*n**2/2 - 4*n - 1. Calculate the remainder when m(-3) is divided by 15.
14
Let n(o) = 2*o**2 + 7*o + 2. Let t be n(-10). Suppose 4*y - y - 3*m - t = 0, -4*m - 53 = -y. What is the remainder when y is divided by 11?
8
Suppose 0 = -5*f - o + 147 - 12, 0 = f - 2*o - 16. Calculate the remainder when 102 is divided by f.
24
Let r be (-3)/(-2 - 69/(-30)). Let l be ((-12)/r)/((-3)/10). What is the remainder when (-1 + 39/(-12))*l is divided by 6?
5
Suppose -9 = -2*i + 1. Suppose 5*c + 2*y - 68 = 0, 0*y - 75 = -i*c + 5*y. Suppose 4*s - 163 = -3*z - 65, -5 = -s. What is the remainder when z is divided by c?
12
Let w = 85 - 32. Calculate the remainder when w is divided by 8.
5
Let z(a) = -a - 1. Let d(k) = -10*k - 8. Let v(o) = 2*d(o) - 12*z(o). Let j = -83 + 141. What is the remainder when j is divided by v(-3)?
18
Let x = 0 + 0. Let r = 3 - x. Calculate the remainder when 1 - (0/r)/2 is divided by 1.
0
Let p = 70 + -47. Suppose 3*w + 3*u = -2*u - 1, 0 = 4*w - 3*u - 18. Suppose w*h - z - 3*z = 44, -4*z = 8. Calculate the remainder when p is divided 